10 + 10111002221020?
10111002220210
In base 9, what is -1344157 - -120?
-1344037
In base 14, what is -24d971d2 - -5?
-24d971cb
In base 12, what is 23 - -20414b?
204172
In base 5, what is 3430121 - -40?
3430211
In base 16, what is -2af79d + -6?
-2af7a3
In base 7, what is -2163264 + -313?
-2163610
In base 11, what is 105 + -1084113?
-1084009
In base 10, what is 2006044 + 32?
2006076
In base 4, what is -2022 + -103321200?
-103323222
In base 9, what is 5 - -66054447?
66054453
In base 16, what is -1d187037 + -3?
-1d18703a
In base 8, what is -15510142 - 170?
-15510332
In base 4, what is -30 - -1231211013113?
1231211013023
In base 4, what is -211011002101 + 2?
-211011002033
In base 3, what is -11 - 1011021200221101?
-1011021200221112
In base 10, what is 4669373 + -2?
4669371
In base 10, what is 203326 - -918?
204244
In base 14, what is 4 + 21c8a2?
21c8a6
In base 8, what is 46 + 22117354?
22117422
In base 13, what is -1b7a + 5869?
39bc
In base 2, what is -100100100011111100111 - -10100001?
-100100100011101000110
In base 7, what is 426362 - 46?
426313
In base 12, what is 668 - -13bb?
1a67
In base 15, what is -401ccd1 - -2?
-401ccce
In base 10, what is -1041697 + 1?
-1041696
In base 2, what is 110001011 - 1011010000001?
-1010011110110
In base 8, what is 5 - 43753234?
-43753227
In base 10, what is 41018594 - 1?
41018593
In base 11, what is -3a11 + -103?
-4014
In base 11, what is -30 - 368095?
-368115
In base 5, what is 41 - -2144211324?
2144211420
In base 10, what is 8910 + -1681?
7229
In base 12, what is 0 + -64782998?
-64782998
In base 9, what is 18 - 4486474?
-4486455
In base 15, what is 6 - -a4ca32?
a4ca38
In base 8, what is 670 - 1661460?
-1660570
In base 14, what is 26809 + -278?
26571
In base 11, what is -40475 - 1?
-40476
In base 4, what is 200 + 13213201310?
13213202110
In base 13, what is -2a + -577c3?
-57820
In base 7, what is 1623 + -3062425?
-3060502
In base 6, what is -4 + 4252301?
4252253
In base 3, what is -2202121 + 2202010220?
2122101022
In base 11, what is -51 - -200355?
200304
In base 8, what is 710664 + 2652?
713536
In base 13, what is a040 - 87b?
9492
In base 16, what is 1e1cc + cb?
1e297
In base 15, what is -2cd2c + -48?
-2cd75
In base 2, what is -101010000010100010111111001 + -11?
-101010000010100010111111100
In base 3, what is -10 + 1202112002002011?
1202112002002001
In base 15, what is -230e37 + a2?
-230d85
In base 10, what is -3549 + -18005?
-21554
In base 14, what is -7 + -16a4048?
-16a4051
In base 13, what is 35b76a9 - -8?
35b76b4
In base 14, what is 14 - -753b?
7551
In base 10, what is 10106 - 453?
9653
In base 6, what is -4221 + 241332?
233111
In base 16, what is -4f9 - 115ee?
-11ae7
In base 8, what is -634 - -40265?
37431
In base 11, what is -4a208 - -734?
-49584
In base 2, what is -1101 + 1111101100110101?
1111101100101000
In base 3, what is 1112122 - 221002120?
-212112221
In base 12, what is 361 + -4928?
-4587
In base 3, what is -102121 - -120000212221?
120000110100
In base 10, what is -3 - 7799955?
-7799958
In base 3, what is -12102 + -20122021120?
-20122110222
In base 11, what is 24 - 2241a?
-223a6
In base 16, what is -19028e68 - 5?
-19028e6d
In base 16, what is 23 + 22cee?
22d11
In base 3, what is -102002210220 - 222?
-102002211212
In base 14, what is -5 + -54add10?
-54add15
In base 13, what is 2a6912 - 2?
2a6910
In base 14, what is -ad606 - -3c?
-ad5a8
In base 4, what is -2312100132200300 - 2?
-2312100132200302
In base 15, what is 15 + -12865?
-12850
In base 8, what is -2631 + 262024?
257173
In base 4, what is -221111300 + 103211?
-221002023
In base 2, what is -1100110000 - 110101011100101?
-110111000010101
In base 4, what is -111 - -311103?
310332
In base 7, what is -32601362 + -421?
-32602113
In base 12, what is -4949 - 797?
-5524
In base 2, what is 10 - -101111001010001000010110110?
101111001010001000010111000
In base 16, what is -11 - 2b54d?
-2b55e
In base 14, what is -8c4c2b + 1?
-8c4c2a
In base 15, what is 2175a47 - -17?
2175a5e
In base 3, what is -22220000022 - -2101?
-22212220221
In base 3, what is -20100 + -200110021?
-200200121
In base 9, what is -36142236 + -2?
-36142238
In base 6, what is -253122 + -3331?
-300453
In base 4, what is 3333 - 330303003?
-330233010
In base 2, what is 111000110001000010111011 - 101?
111000110001000010110110
In base 9, what is -2772225 - -5?
-2772220
In base 15, what is -1229a - 37?
-122d2
In base 9, what is -107144 - 41?
-107185
In base 16, what is -c5b0fb1 - 4?
-c5b0fb5
In base 10, what is 3265592 + 26?
3265618
In base 11, what is 1a84a + 116?
1a965
In base 9, what is 156613 + -1?
156612
In base 7, what is 10466 - 6405?
1061
In base 4, what is 1 - 2211211223131?
-2211211223130
In base 10, what is 875544 + 299?
875843
In base 6, what is -32135314 + -125?
-32135443
In base 5, what is 31 + 2443031424?
2443032010
In base 8, what is -2723250 - 2?
-2723252
In base 4, what is -2322 - -3103201021?
3103132033
In base 11, what is 1456752 + -35?
1456718
In base 13, what is c62 - 17132?
-161a0
In base 6, what is -3 + 230232522?
230232515
In base 14, what is 1 - -583c90?
583c91
In base 14, what is -17 + 33c6?
33ad
In base 13, what is -a4b78897 + -1?
-a4b78898
In base 16, what is -5be7a + -30?
-5beaa
In base 8, what is 16 + 5704066?
5704104
In base 11, what is -90 - 77706?
-77796
In base 14, what is -2c - -90830?
90802
In base 10, what is -3 - -100111718?
100111715
In base 9, what is -2 - -12064530?
12064527
In base 14, what is 260 + 21d7?
2457
In base 16, what is 8a1a + 4d4?
8eee
In base 11, what is -143a62a - 0?
-143a62a
In base 12, what is -7b2a178 - 6?
-7b2a182
In base 2, what is -10010 + 10101011111010101100?
10101011111010011010
In base 10, what is -461901 + 0?
-461901
In base 11, what is a - -126a3194?
126a31a3
In base 13, what is -579353 + -1?
-579354
In base 7, what is -1664136115 - 3?
-1664136121
In base 11, what is -113186 + -3a7?
-113582
In base 10, what is 384396 - 56?
384340
In base 16, what is 3 - -1c6a5?
1c6a8
In base 5, what is -113244 - 30?
-113324
In base 8, what is 7 - -2006134?
2006143
In base 16, what is 67d + 41260?
418dd
In base 5, what is -10 + 11042444321?
11042444311
In base 7, what is 1415264 - 4?
1415260
In base 10, what is 105 + 637162?
637267
In base 14, what is 36854 - -3c?
36892
In base 8, what is 531505630 + 3?
531505633
In base 12, what is -66ab9a2 - 2?
-66ab9a4
In base 5, what is -124222 + 10314?
-113403
In base 12, what is -1912b4b + 0?
-1912b4b
In base 14, what is -7b - 32684?
-32721
In base 6, what is 141025 - -3225?
144254
In base 3, what is 2010010122200 + -220022?
2010002202101
In base 11, what is -1975 + 251?
-1724
In base 3, what is -1011222220 + 1022011?
-1010200202
In base 4, what is 13113000 - -12?
13113012
In base 8, what is 1126712 + -141?
1126551
In base 5, what is -333024134 - 2102?
-333031241
In base 16, what is -745b + 24a?
-7211
In base 15, what is -863e7 + 55?
-86392
In base 3, what is -21 - -11012002122?
11012002101
In base 12, what is -7a04 - -966?
-705a
In base 10, what is 1004 + -883?
121
In base 8, what is -73 - -32247312?
32247217
In base 3, what is -1002121202 + 10012100?
-222102102
In base 7, what is -6 + 135536136?
135536130
In base 12, what is 241440 - -2a0?
241720
In base 4, what is 13020002232 - 1?
13020002231
In base 4, what is -10012210333 + -20?
-10012211013
In base 4, what is -10 - -333122302?
333122232
In base 15, what is 61 + 13cb34?
13cb95
In base 7, what is -53326 + 161?
-53135
In base 13, what is 364167b + 0?
364167b
In base 16, what is -4 - 6077d3?
-6077d7
In base 11, what is 15856 + 6883?
21629
In base 5, what is 4 + -223210312?
-223210303
In base 6, what is -535 - 13103121?
-13104100
In base 4, what is -1 - 10130201202011?
-10130201202012
In base 16, what is -5b76aff + 5?
-5b76afa
In base 2, what is 111010111111101000101 + -110100?
111010111111100010001
In base 15, what is -1e75b94 + 5?
-1e75b8e
In base 16, what is 4 - -e662f?
e6633
In base 8, what is -7336 + -4740?
-14276
In base 9, what is -1038 + 1003?
-35
In base 13, what is 93b3319 - 5?
93b3314
In base 14, what is -6ad28 - -372?
-6a996
In base 16, what is -b6a7 - 1c89?
-d330
In base 7, what is 13226 - -23334?
36563
In base 8, what is -36703217 + 0?
-36703217
In base 14, what is -3681 - 3223?
-68a4
In base 14, what is -91d37d9 + 8?
-91d37d1
In base 2, wh